uppose 2*d - 1 = 3*d. Calculate f(d).
-1
Let g(b) = 4*b + 1. Let j(v) = -13*v - 4. Suppose -3 = d, 4 = h - d - 1. Let s(y) = h*j(y) + 7*g(y). Suppose 0 = 4*z - 5*z - 5, -2 = 2*q + 2*z. Calculate s(q).
7
Let b(u) = -u**2 - u + 1. Let q(w) = 1 - 4*w**2 - 2*w - 7*w**2 + 6*w**2. Let d(y) = -6*b(y) + q(y). Give d(-6).
7
Let o(i) = i**2 + 3*i - 10. Suppose 3*z + 5*a + 24 + 12 = 0, 3*z + 15 = 2*a. What is o(z)?
18
Let t(n) = -2*n + 10*n**2 - 6 - 3 + 3*n + 1 - n**3. Let f be t(10). Let j(b) = 5*b**2 - b**3 - b**f + 3*b - 6*b + 0*b**3. Calculate j(2).
2
Let d(v) be the first derivative of -v**3/3 - 5*v**2 - 4*v + 3. Let b be d(-9). Let o(s) = 1 + 1 + 3 - s. Calculate o(b).
0
Let r(l) = -2*l - 19. Let p = 136 - 145. Give r(p).
-1
Let g be (-6)/4*(-2)/1. Let j be 11/(-55) - (-16)/5. Let d(s) = -s + 1 - 3*s**g + 2*s**3 - j. What is d(0)?
-2
Let f(y) = -2*y - 1. Let b(u) be the second derivative of 2*u**3/3 - u**2/2 - 2*u. Let r be b(1). Give f(r).
-7
Let m(r) = -2*r - 1. Let o(b) = 12*b + 23. Let v(g) = -5*m(g) - o(g). Give v(-10).
2
Let u(n) = n**3 - 2*n**2 - 4*n + 3. Let p = 5 - 4. Let i(h) = -p - h + 4 + 3. Let s be i(3). Calculate u(s).
0
Let r(j) = j**3 + 6*j**2 - 5*j + 5. Let d(o) = o**2 - o. Let v(b) = -3*d(b) + r(b). Let k(l) = l + 8. Let h be k(-12). Determine v(h).
-3
Let z(s) = -s. Let k be (-2)/(-7) - (-2 + (-26)/7). What is z(k)?
-6
Let h(d) = 2*d**2 - 10*d + 21. Let p(n) = n**2 - 7*n + 13. Let x(j) = 5*h(j) - 8*p(j). Let v(u) = u**2 + 3*u - 4. Let w be v(-3). Determine x(w).
9
Let a(b) = 3*b**2 + 2*b - 4. Let k(q) = 3*q**2 + 3*q - 5. Let g(o) = -6*a(o) + 5*k(o). What is g(2)?
-7
Let z(o) = o**2 - o + 2. Suppose 4*u = -u. Calculate z(u).
2
Let a(p) = -6*p + 10. Let v(l) = 5*l - 9. Let n(w) = 4*a(w) + 5*v(w). What is n(-4)?
-9
Suppose 3 = 3*j - 12. Suppose j*d = 4*d - 4*s + 20, 5*d + 3*s = 15. Let h(p) = p - 2. Determine h(d).
-2
Let y(q) be the first derivative of -2*q - 2*q**2 + 1 + 4*q**2 - q**2. What is y(-3)?
-8
Let n(f) be the second derivative of f**4/24 + 2*f**3/3 + f**2 + 3*f. Let s(h) be the first derivative of n(h). Let b = 13 - 18. Determine s(b).
-1
Let b = -4 - -6. Let m(a) = -b + 0 - a - 3. Determine m(-5).
0
Let q = -7 + 0. Let r(p) = -5*p + 11. Let z(i) = 6*i - 12. Let h(a) = q*r(a) - 6*z(a). Give h(0).
-5
Let j(i) = -6 - 2 + 0 - i + 3. Calculate j(5).
-10
Suppose -2*l + 3*j = -4, 2 = 2*l + 3*j - 2. Let g be (1 + 3)/((-2)/l). Let o(s) = -s**3 - 3*s**2 + 4*s - 5. Give o(g).
-5
Let z(r) = -r**3 + 2*r**2 + 1. Suppose -4*l = -2*u - 52, 11 = 5*l + 3*u - 76. Let p = l - 13. Calculate z(p).
1
Let n(i) = -6*i**3 + 6*i**2 + 3*i - 14. Let x(f) = -5*f**3 + 6*f**2 + 4*f - 13. Let u(a) = -4*n(a) + 5*x(a). What is u(7)?
-2
Let n(y) = -y**2 - y. Let l(i) be the first derivative of i**3/3 + 9*i**2/2 + 8*i + 1. Let h be l(-8). What is n(h)?
0
Let h = 21 - 21. Let x(y) = y**2 + y + 3. Calculate x(h).
3
Let l(o) = o**2 + o - 1. Let d(t) = 5*t**2 + 5*t - 7. Let v(u) = -d(u) + 4*l(u). Calculate v(4).
-17
Suppose -3*b = 2*b. Let z(h) = -h**2 + h + 6. Let j be z(b). Let a(x) = 2*x - 6. Calculate a(j).
6
Let p be (4 - 2)/((-4)/10). Let u(h) be the third derivative of 3*h**2 + 0*h - 1/3*h**3 - 1/15*h**5 + 5/24*h**4 + 0 - 1/120*h**6. Give u(p).
-2
Suppose -13 = 3*l - 13. Let n(x) be the first derivative of x**5/120 + x**4/3 - x**3/3 + 2. Let y(a) be the third derivative of n(a). Determine y(l).
8
Suppose l - 2 = -5*v, 7 + 10 = 2*v - 5*l. Let a be 3/(-2) + v/2. Let h(r) = -4*r**3 - 2*r**2 + 1. Calculate h(a).
3
Suppose -7*w + 3*n = -2*w - 35, -2*w - 2*n - 2 = 0. Let o(i) = -i + 5. Let f be o(w). Let h(q) = 2*q**2 - q. What is h(f)?
1
Let x(n) be the second derivative of -n**3/3 + 3*n**2/2 - 19*n. Give x(6).
-9
Let g(b) = b**3 - 2*b - 6. Let o(t) = -3*t**3 - t**2 + 6*t + 18. Let l(k) = 11*g(k) + 4*o(k). What is l(-4)?
-2
Suppose -25 = -2*o + 5*l, -3*o - 5*l - 25 = 2*o. Let b(i) be the first derivative of -i**3/3 - 4*i - 1. Give b(o).
-4
Let a(z) = z**2 - 11*z - 14. Let x be a(12). Let c(k) = 2 + 2*k + 3*k**2 - 2 - 2. Determine c(x).
6
Let w(p) = 2*p**2 - 1. Let r(i) = i**2 + 3*i + 3. Let j be r(-3). Suppose -3*o + 0*n = -3*n - 69, -j*o = -2*n - 66. Let y be (-48)/o - 4/(-10). What is w(y)?
7
Let z(y) = y**3 - 5*y**2 + 6*y - 3. Let h = 169 - 112. Let c be h/15 - (-3)/15. Determine z(c).
5
Let b(a) be the third derivative of -7*a**6/120 - a**5/30 + a**3/6 - 3*a**2. Let l(u) = -u - 10. Let z be l(-9). Give b(z).
6
Let i(c) be the first derivative of -c**2/2 + 3*c + 2. Let q be (9 - 14)/(0 - 1). What is i(q)?
-2
Let w(j) = -8 - 8 - 5*j - j**2 + 17 + 12*j. What is w(5)?
11
Let q = 0 + 1. Let f(b) = -b - 1. Let c(w) = -2*w**2 - 6*w - 3. Let a(v) = q*c(v) - 4*f(v). Give a(1).
-3
Let q be -2 + -5 - 6/(-2). Let s = -3 - q. Let v(x) = -3*x - 1 + 4*x + 0*x. Give v(s).
0
Let v = -57 + 59. Let j(h) = 1 + 3 - h - 3. Give j(v).
-1
Suppose 3*z = 5*y + 118, 9 + 78 = 2*z - 5*y. Suppose 7*w - 4*w - 27 = -4*j, 5*w - z = -2*j. Let h(l) = -l**3 + 4*l**2 + 4*l - 1. Give h(w).
-6
Suppose 4*l + 5 = -3. Let u be (l - -4)*6/(-4). Let w(b) = b**2 + 7*b + 2. Give w(u).
-10
Let b(o) = 1. Let f(d) = -5*d - 6. Let n(q) = -5*b(q) - f(q). Let i be (4/12)/(1/(-3)). Determine n(i).
-4
Suppose -2*k - 8 = -3*b, -2*b = 3*b + 3*k - 26. Let v(p) = -2 + 7 + 8 + 6*p. Let w(l) = l + 1. Let s(a) = b*w(a) - v(a). Give s(-6).
3
Let z(d) = d**2 + 3*d + 1. Let r(s) = -4*s**2 + 1. Let p be r(-1). Give z(p).
1
Let y(w) be the third derivative of 0*w**3 - 5*w**2 - 7/24*w**4 + 0 + 0*w. What is y(-1)?
7
Let d(w) = 12*w + 2. Let p(v) = 10*v + 3. Let b(i) = 4*d(i) - 5*p(i). Calculate b(-6).
5
Let a = 4 - 4. Let x be 2*(-3)/6*a. Let l(i) = x + 3*i - 3 + 5. What is l(2)?
8
Let j(i) be the third derivative of i**4/6 + i**3/2 + 7*i**2. What is j(-4)?
-13
Let z(l) = -l**3. Let i be 3 - 2 - (4 + 0). Let m = i - -2. Give z(m).
1
Let n(s) = -s + 5. Suppose -10*y + 12*y = -16. Calculate n(y).
13
Let n(z) be the first derivative of -z**5/40 + z**4/4 + 8*z**3/3 + 1. Let g(b) be the third derivative of n(b). Determine g(6).
-12
Suppose y - 6*y + 3*g = 0, -2*g = -2*y. Let w(p) be the third derivative of 1/6*p**3 + 0*p + 0 + 1/24*p**4 + 4*p**2. Calculate w(y).
1
Let n(m) be the second derivative of m**3/6 + 7*m**2/2 + m. Suppose 0 = 5*g - 5*q, 0*g - 3*q = -2*g + 5. What is n(g)?
2
Let p(f) = 1. Let l(b) = b**3 + 5*b**2 - 6*b + 5. Let t(m) = -l(m) + 6*p(m). Determine t(-6).
1
Suppose 3*s - s - 12 = 0. Let n(t) = -5 + 3*t - 2*t + 1 + s. Calculate n(-2).
0
Suppose 8*w - 19 + 3 = 0. Let u(x) = -2*x - 2. Calculate u(w).
-6
Let g(p) = -p**3 + 6*p**2 - 5*p + 22. Let r be g(6). Let q(b) = b**3 + 9*b**2 + 8*b - 7. Give q(r).
-7
Let h(s) = s**2 + 3*s - 3. Let n(b) = 2 - b**2 - 7*b + 0*b**2 + 3 - 2*b**2. Let q(v) = -5*h(v) - 2*n(v). What is q(0)?
5
Let l(w) = -2*w + w - 1 + 6. Let n be (-56 + 57)/((-1)/(-3)). Calculate l(n).
2
Let i(f) = 18*f**2 - 5*f**2 + 1 - 14*f**2. Determine i(0).
1
Let z = 52 - 56. Let s(b) = 2*b - 2. Give s(z).
-10
Let y(k) = 4*k**3 + 2*k**2 - 2*k + 1. Let d be 4/24 - (-10)/12. Calculate y(d).
5
Let a be (-3)/(-6*2/8). Suppose 2*f - 3*n = -8, -a = -4*f - 2*n - n. Let o(r) = r**2 + 2*r + 1. Determine o(f).
0
Let j(q) = q**2 + q - 2. Suppose -3 = 4*s - 11. Suppose i + 0*i - 1 = s*g, 0 = g + 2*i + 8. What is j(g)?
0
Let n(d) = 2*d + 5. Let v be n(0). Suppose -26 + 6 = -v*y. Let f(x) be the second derivative of x**3/3 - 3*x**2/2 - x. Determine f(y).
5
Let r be ((-2)/7)/((-1)/14). Let l(f) = -f + 4. Determine l(r).
0
Let j(k) = -6*k**2 + 2*k - 15 + 5*k**2 - k. Suppose -4*a = -9*a. Determine j(a).
-15
Let f = -72 - -69. Let v(s) = 2*s + 1. What is v(f)?
-5
Let b(u) = -u**3 - 10*u**2 + 9*u - 16. Let n be b(-11). Suppose 3*m - n = 3. Let y(w) be the second derivative of w**3/2 - w**2 + 2*w. What is y(m)?
7
Let q(v) be the second derivative of v**3/6 - 3*v**2 - 8*v. Determine q(5).
-1
Let b = -1 - -3. Suppose p - 16 = -5*t, 3*p + 30 = 4*t + b. Let c(q) = 2*q - 4*q + 0*q + 4*q**2 - 3 + q**3. What is c(p)?
5
Let z(b) be the first derivative of -b**2/2 - 5*b - 15. Determine z(5).
-10
Let l(k) be the first derivative of k**4/8 + 3*k**3/2 + 5*k**2/2 - 6. Let j(w) be the second derivative of l(w). What is j(-6)?
-9
Suppose 0 = 3*s + s - 8. Let m(j) = s - j**3 - j + j - j**2. Suppose 0 = -4*k + 4*u, 0 = -k - k - 2*u - 8. 